it of 264141?
4
What is the units digit of 84518?
8
What is the hundred thousands digit of 1979358?
9
What is the hundred thousands digit of 1596497?
5
What is the units digit of 251366?
6
What is the thousands digit of 2210800?
0
What is the hundreds digit of 1362183?
1
What is the thousands digit of 353367?
3
What is the millions digit of 1591027?
1
What is the ten thousands digit of 10037488?
3
What is the ten thousands digit of 89965?
8
What is the millions digit of 1049944?
1
What is the ten thousands digit of 249249?
4
What is the tens digit of 1941522?
2
What is the thousands digit of 3414882?
4
What is the hundreds digit of 821613?
6
What is the thousands digit of 337219?
7
What is the units digit of 32721405?
5
What is the thousands digit of 660609?
0
What is the tens digit of 1828511?
1
What is the ten thousands digit of 201629?
0
What is the ten thousands digit of 239097?
3
What is the ten thousands digit of 36389?
3
What is the thousands digit of 99742?
9
What is the hundred thousands digit of 611924?
6
What is the ten millions digit of 10780167?
1
What is the units digit of 1584720?
0
What is the hundreds digit of 76222?
2
What is the units digit of 1651251?
1
What is the millions digit of 8517861?
8
What is the tens digit of 3947355?
5
What is the ten millions digit of 24680910?
2
What is the tens digit of 43219?
1
What is the units digit of 2805791?
1
What is the units digit of 676274?
4
What is the thousands digit of 6596013?
6
What is the thousands digit of 3012692?
2
What is the units digit of 937157?
7
What is the hundreds digit of 4900272?
2
What is the hundred thousands digit of 7133518?
1
What is the thousands digit of 126829?
6
What is the thousands digit of 27966352?
6
What is the thousands digit of 676071?
6
What is the tens digit of 11847487?
8
What is the ten millions digit of 21386304?
2
What is the hundreds digit of 16997303?
3
What is the units digit of 33772130?
0
What is the tens digit of 588876?
7
What is the tens digit of 3090245?
4
What is the hundred thousands digit of 251993?
2
What is the thousands digit of 23164962?
4
What is the hundreds digit of 40169?
1
What is the millions digit of 5822051?
5
What is the ten millions digit of 12310715?
1
What is the units digit of 13160665?
5
What is the tens digit of 14816518?
1
What is the tens digit of 291152?
5
What is the hundred thousands digit of 16359687?
3
What is the ten thousands digit of 3064175?
6
What is the ten thousands digit of 1836173?
3
What is the millions digit of 4108050?
4
What is the ten thousands digit of 552495?
5
What is the ten millions digit of 15052389?
1
What is the hundred thousands digit of 1726011?
7
What is the units digit of 51167?
7
What is the thousands digit of 9962794?
2
What is the ten thousands digit of 610858?
1
What is the tens digit of 192711?
1
What is the thousands digit of 374949?
4
What is the units digit of 238081?
1
What is the tens digit of 722171?
7
What is the thousands digit of 195903?
5
What is the tens digit of 2120963?
6
What is the tens digit of 24081094?
9
What is the ten thousands digit of 378686?
7
What is the hundreds digit of 15145653?
6
What is the tens digit of 15538?
3
What is the hundreds digit of 28881?
8
What is the hundred thousands digit of 14593917?
5
What is the thousands digit of 3790698?
0
What is the hundred thousands digit of 1311262?
3
What is the ten thousands digit of 2250347?
5
What is the hundreds digit of 423729?
7
What is the ten thousands digit of 33544479?
4
What is the thousands digit of 388649?
8
What is the hundred thousands digit of 428211?
4
What is the tens digit of 202994?
9
What is the hundreds digit of 6998948?
9
What is the hundreds digit of 6762528?
5
What is the units digit of 3137300?
0
What is the units digit of 3904466?
6
What is the thousands digit of 493218?
3
What is the hundred thousands digit of 1384903?
3
What is the hundreds digit of 326966?
9
What is the hundred thousands digit of 1662611?
6
What is the ten thousands digit of 1475721?
7
What is the ten thousands digit of 53526?
5
What is the units digit of 5908903?
3
What is the hundred thousands digit of 790587?
7
What is the thousands digit of 16765792?
5
What is the tens digit of 588868?
6
What is the ten thousands digit of 2753759?
5
What is the ten thousands digit of 4647208?
4
What is the tens digit of 4463505?
0
What is the tens digit of 86707?
0
What is the units digit of 1206996?
6
What is the hundreds digit of 3621174?
1
What is the thousands digit of 260395?
0
What is the ten thousands digit of 65542?
6
What is the hundred thousands digit of 18643905?
6
What is the units digit of 2817864?
4
What is the millions digit of 5937212?
5
What is the units digit of 1134538?
8
What is the ten thousands digit of 1240335?
4
What is the thousands digit of 147620?
7
What is the hundreds digit of 222824?
8
What is the hundreds digit of 321561?
5
What is the units digit of 2941902?
2
What is the thousands digit of 307045?
7
What is the tens digit of 2093502?
0
What is the thousands digit of 1133464?
3
What is the tens digit of 3021455?
5
What is the ten thousands digit of 309993?
0
What is the hundred thousands digit of 171015?
1
What is the hundreds digit of 5621555?
5
What is the hundreds digit of 42478?
4
What is the thousands digit of 2292262?
2
What is the hundred thousands digit of 3925050?
9
What is the hundreds digit of 729050?
0
What is the millions digit of 3482625?
3
What is the hundred thousands digit of 545649?
5
What is the tens digit of 2114821?
2
What is the units digit of 20906296?
6
What is the units digit of 394749?
9
What is the hundred thousands digit of 243794?
2
What is the ten thousands digit of 144370?
4
What is the hundred thousands digit of 12846085?
8
What is the units digit of 774338?
8
What is the hundreds digit of 645914?
9
What is the hundred thousands digit of 112780?
1
What is the thousands digit of 3903622?
3
What is the thousands digit of 36211?
6
What is the tens digit of 10116173?
7
What is the millions digit of 3353023?
3
What is the thousands digit of 12007637?
7
What is the units digit of 401972?
2
What is the thousands digit of 169531?
9
What is the tens digit of 35794?
9
What is the hundred thousands digit of 3297986?
2
What is the units digit of 2550515?
5
What is the hundred thousands digit of 964487?
9
What is the tens digit of 32298?
9
What is the tens digit of 1314647?
4
What is the hundreds digit of 1034399?
3
What is the hundred thousands digit of 3859668?
8
What is the units digit of 455842?
2
What is the thousands digit of 1761565?
1
What is the millions digit of 1345686?
1
What is the thousands digit of 752033?
2
What is the units digit of 94126?
6
What is the millions digit of 4855643?
4
What is the ten thousands digit of 1297751?
9
What is the ten millions digit of 19060835?
1
What is the hundreds digit of 2317247?
2
What is the units digit of 171990?
0
What is the thousands digit of 4968545?
8
What is the thousands digit of 174976?
4
What is the units digit of 1130187?
7
What is the ten thousands digit of 5516660?
1
What is the hundreds digit of 2212118?
1
What is the tens digit of 145440?
4
What is the tens digit of 15377?
7
What is the tens digit of 6901545?
4
What is the units digit of 13146700?
0
What is the thousands digit of 208903?
8
What is the hundred thousands digit of 2463798?
4
What is the thousands digit of 57711?
7
What is the millions digit of 2380050?
2
What is the ten thousands digit of 89164?
8
What is the hundred thousands digit of 256331?
2
What is the units digit of 1302144?
4
What is the hundred thousands digit of 465223?
4
What is the hundred thousands digit of 265875?
2
What is the ten thousands digit of 1525011?
2
What is the thousands digit of 708283?
8
What is the hundred thousands digit of 2589988?
5
What is the hundred thousands digit of 10138907?
1
What is the hundreds digit of 2705849?
8
What is the hundreds digit of 11733924?
9
What is the units digit of 195418?
8
What is the tens digit of 4043695?
9
What is the hundred thousands digit of 843794?
8
What is the tens digit of 910?
1
What is the millions digit of 2034870?
2
What is the units digit of 1832443?
3
What is the millions digit of 6805834?
6
What is the hundreds dig